l).
1
Suppose -5*n + 32 = k, -2*k + 9 + 6 = 3*n. Let s(j) = -6*j - 8. Let r(o) = -13*o - 17. Let v(i) = n*s(i) - 3*r(i). Let m = 50 - 45. Determine v(m).
-20
Let d = -101602 + 101602. Let g(m) = m**3 + m**2 + 4*m + 5. Let r(p) = p**3 + p**2 + 5*p + 6. Let i(j) = -7*g(j) + 6*r(j). Give i(d).
1
Let p(c) = c. Suppose -5*f = -2*f + 12. Let o(g) be the third derivative of -g**6/120 - g**5/15 + g**4/6 + 7*g**3/6 - 458*g**2. Let h be o(f). Calculate p(h).
-9
Let t(u) = u**3 + 3*u**2 - 2*u - 2. Let s(p) = p**2 + 1966*p + 9808. Let g be s(-5). What is t(g)?
46
Let t(u) = 8*u**2 - 2*u - 1. Let c = 216 - 196. Suppose -15 = 5*i + 2*w, 5*i + c = 8*w - 11*w. Give t(i).
9
Let k(y) be the third derivative of y**5/60 - y**4/6 - y**3/2 - 3*y**2. Suppose 53 = -5*p + 63. Suppose 9*n - 7*n - p*x - 18 = 0, 2*x = -n - 3. Give k(n).
2
Let i(o) = -3*o - 7. Let a(d) be the first derivative of 3*d**4/4 + 8*d**3 - 5*d + 43. Let l be a(-8). Determine i(l).
8
Let s(o) = 4*o**2 - 120. Let p(v) = -4*v**2 - v + 99. Let n(a) = -6*p(a) - 5*s(a). What is n(-5)?
76
Let o(j) = 10*j**3 + 0*j**3 - 10*j**3 - 2*j**2 + 37 - 2*j**3 + j**3 + 17*j. Give o(-4).
1
Suppose 5*v = -4*l - 140, v + 28 = 8*l - 7*l. Let m(y) = y**3 + 28*y**2 + 2*y + 53. Determine m(v).
-3
Let t = 5 + -13. Let s(r) be the first derivative of -r**2 - 4*r + 21025. Determine s(t).
12
Suppose 3*i + 34 - 19 = 0. Let o(b) = b - 6. Let z(w) be the third derivative of -w**3 - 3*w**2. Let s(l) = 2*o(l) - 3*z(l). Determine s(i).
-4
Let t(a) = 8*a + 3. Let n(b) = 78*b - 185. Let w be n(9). Let g = w - 519. Calculate t(g).
-13
Let y = -106 + 112. Suppose -5*m + y*m = 0. Suppose -5*q = -3*q + 10, m = 2*l + 5*q + 11. Let p(c) = -2*c + 10. What is p(l)?
-4
Let j = 17782 + -17782. Let q(d) = 2*d**3 + d - 3. Let r(a) = a**3 + a**2 + a + 1. Let f(o) = q(o) - r(o). Determine f(j).
-4
Let z = -19523 - -19519. Let t(i) = i**3 - 7*i**2 - 47*i - 11. What is t(z)?
1
Let t(v) = 6*v - 19. Suppose -93*w + 97*w + 12 = 0, 3*w = n - 9. Calculate t(n).
-19
Suppose 303*i + 16 = 307*i, 34 = 2*l + 4*i. Let s(f) = -4*f + 12. What is s(l)?
-24
Suppose -7*s + 122 = -18. Let i(d) = -d**2 + 7*d - 37 + s + 19 - 2*d + 8*d. What is i(14)?
-12
Let f(x) = 4*x**2 - 1. Let g be f(1). Let l(t) be the first derivative of t**4/4 - 4*t**3/3 + 7*t - 2. Determine l(g).
-2
Let h(u) = -3*u**3 - 28*u**2 + 3*u - 327. Let k(l) = -2*l**3 - 18*l**2 + 7*l - 164. Let p(m) = 3*h(m) - 5*k(m). Give p(-5).
-6
Suppose 4*w + 5*n - 210 = 0, -222 = -5*w + n + 55. Let v = w + -53. Let j(f) = 4*f - 2*f - 2 + 2*f**2 - 13*f**v + 12*f**2. Determine j(-3).
1
Let z(c) = 14*c + 23. Let f(r) = 5*r + 8. Let l(j) = 17*f(j) - 6*z(j). Let x(i) = -i + 3. Let k(y) = -5*l(y) - 4*x(y). Let d = 269208 - 269211. Give k(d).
1
Let a = -137882 - -137875. Let y(x) = 1 + 16 + 0*x + 3*x. Give y(a).
-4
Let r(m) = 79*m + 6405. Let p be r(-81). Let q(s) = 9*s - 3 - 2*s**2 + s**2 - s**3 + 6*s**2. Determine q(p).
15
Let w(u) = -15*u + 4. Suppose -2*j = -6*j - 4*o + 28, 3*j - 17 = -5*o. Suppose -j*m - 1 + 28 = 0. What is w(m)?
-41
Let t = 125/1428 + -1/238. Let o(g) be the second derivative of -3*g**2 - t*g**4 + 0 + 3/2*g**3 - g. What is o(5)?
14
Let h(x) = -x**3 - 9*x**2 - 8*x + 9. Let a(z) = -4*z**2 - 30*z + 87. Let o be a(3). Let q be ((-62)/4)/((-1)/2). Let r = o + q. Calculate h(r).
9
Let a(w) be the first derivative of 5/3*w**3 + 0*w**2 - 1/4*w**4 - 4*w + 27. Let y(p) = 2*p**3 - 3*p**2 + 1. Let m be y(2). Give a(m).
-4
Let w(s) = 2*s**2 + 11*s + 1. Let j = 21 - 16. Let x(b) = -b**2 - 6*b. Let p(a) = j*x(a) + 3*w(a). What is p(-3)?
3
Let q(i) = -10 - 2*i - 5*i**2 - 3*i**2 + 21 + i**3. Let v(z) = z + 5*z + z + 0*z + z**2 + 5*z - 100. Let m be v(-18). Calculate q(m).
-5
Let t(m) = -13*m**2 - 81*m - 15. Let n be t(-6). Suppose -15*i + 19*i + 2*c - 6 = 0, -5*i = -n*c + 9. Let z(r) = -2*r + 6. What is z(i)?
6
Let u(j) be the third derivative of -j**5/20 - 6*j**3 + 134*j**2. Let w(d) be the first derivative of u(d). Determine w(2).
-12
Let m(u) be the second derivative of 21*u**4/4 - u**3/3 - u**2 + 1652*u. Give m(-1).
63
Let q(w) = 9*w**2 + 21*w + 7. Let y(v) = 5*v**2 + 11*v + 4. Let l(x) = 6*q(x) - 11*y(x). Suppose -9*i = 13*i - 264. Let b = 15 - i. What is l(b)?
4
Suppose 0 = 7*z - 48 - 15. Let y(l) = -l**2 - 9*l - 13. Let d(q) = -3*q**2 - 18*q - 28. Let w(u) = -2*d(u) + 5*y(u). Calculate w(z).
-9
Let d(v) = v + 7. Let z(u) = u**2 - 4*u - 8. Let x be z(6). Suppose -4*s = -a - 3*s - x, 3*s = -3*a - 6. What is d(a)?
4
Let w(g) be the first derivative of -g**3/3 - 2*g + 131778. Suppose 4*z + 4 + 11 = 5*y, -3*y + z = -9. What is w(y)?
-11
Let x(t) = t**3 + 8*t**2 - t - 9. Let w be (-36 + 36)/(1 - 2). Suppose w = -6*r + 92 - 140. Give x(r).
-1
Let z(l) = l**3 + 11*l**2 - 3*l + 510. Let p be z(-14). Let b(i) = -i**3 - 36*i**2 + 2*i + 65. Calculate b(p).
-7
Let g(t) = -3 + 7*t**2 - 1498851*t**3 + 1498850*t**3 + 2 - 9*t. Calculate g(7).
-64
Let u be (-5)/20 + 36/16. Let y(i) = -4 + 1770*i + 3 - 1772*i + i**u. Let c(g) = 2*g**2. Let x be c(1). What is y(x)?
-1
Let y(i) = -3*i - 5. Suppose 65 = 5*w - 0*v + 2*v, 5*v + 19 = 4*w. Let q(z) = 8*z + 0 + 2 + 5 + 8. Let f(l) = w*y(l) + 4*q(l). Determine f(7).
-2
Let i(x) = x - 325 - 2*x**2 + 4*x**2 - 167 + 653 - 161 - x**3. Let z(b) = b**2 - 5*b - 4. Let o be z(6). Give i(o).
2
Let t(y) = 8*y**2 + 37*y + 49. Let h(l) = 4*l**2 + 24*l + 23. Let b(k) = 9*h(k) - 4*t(k). Determine b(-17).
11
Let g(k) = 59 + 103 - 208 - 20*k + 61. What is g(-3)?
75
Let b(s) = -s**3 + 6*s**2 - 6*s - 10. Let q(w) = -65*w + 850. Let z be q(13). Calculate b(z).
-15
Let v(x) = -83*x**2 + 2*x - x**3 - 84*x**2 - 82*x**2 + 6 + 257*x**2. Give v(7).
69
Let x(l) = -21*l**3 - 4*l**2 + 1. Let i(y) = -26*y**3 - 4*y**2 + 1. Let w(k) = 4*i(k) - 5*x(k). Let h be (-2 - 5/(-1))*-1. What is w(h)?
8
Suppose 24 = -z - 5*n - 0*n, -2*z = -n - 7. Let t be (-1)/(-1)*z/(-4 + 3). Let c be (-3)/2*(t + 11/(-3)). Let h(b) = -b**2 + 7*b - 7. Give h(c).
-7
Suppose -170*i = a - 168*i - 6, i = -3*a + 3. Let b(d) = d**2 - 6*d + 7. Let o(p) = -p**2 + 7*p - 6. Let v(c) = 7*b(c) + 6*o(c). What is v(a)?
13
Let c = 2190 + -2197. Let d(b) = -8*b - 66. What is d(c)?
-10
Let h(s) = -8*s**2 - 51*s - 7. Let n be h(-6). Let a(r) = -n - r**2 + 12 + 3 - 14*r + 9*r. Give a(-5).
4
Let c(g) = -1238*g + 2498*g - 1261*g - 26. Give c(-14).
-12
Let d(u) = 1210 - 594 - 19*u - 643. What is d(-2)?
11
Let f(c) be the second derivative of c**4/12 - c**3/3 + 4*c**2 - 23*c. Let y(d) = -5*d**2 + 6*d - 31. Let h(a) = -9*f(a) - 2*y(a). What is h(-8)?
6
Let a(y) = -3*y**2 + 57*y - 236. Let v be a(13). Let l(f) = -2*f - 2. Give l(v).
2
Let l(r) = -2*r**2 + 35*r - 17*r + 22 + 0*r**2 - 55. Determine l(8).
-17
Let j = -7044 - -7039. Let z(r) = -r**3 - 4*r**2 + 6*r - 3. What is z(j)?
-8
Let c(d) be the third derivative of 3*d**6/40 - d**5/30 - d**4/12 - d**3/6 - 3*d**2 - 1269. Calculate c(-1).
-10
Suppose s + 22 = 2*d, 34*d + 2*s - 34 = 32*d. Let v(l) = 3*l - 10. Give v(d).
29
Let c = 2 - 13. Let k(d) = -10*d + 806. Let w(r) = 11*r - 908. Let f(o) = 9*k(o) + 8*w(o). Calculate f(c).
12
Let m(y) = y**3 + 7*y**2 + 10*y + 6. Let u be m(-4). Suppose -u*v + 9*v - 20 = 0. Let k(p) = p + 5. Let h be k(v). Let n(d) = -d + 1. Give n(h).
0
Let z = -294 - -295. Suppose h + 2*j = -9 - z, -3*j - 15 = -3*h. Let s(g) = -g**2 + 19 - g + g**3 + 1 + 0*g**3. Give s(h).
20
Let y(k) = -k - 3*k + 2 + 5*k. Let q = -65452 + 65451. Determine y(q).
1
Suppose 3*m - 3*u + 36 = 0, 2*m = -u - 4 - 5. Let c(b) be the second derivative of b**5/20 + 2*b**4/3 + 7*b**3/6 - 4*b**2 - 141*b. What is c(m)?
-8
Let b = -871 + 874. Let x(h) be the third derivative of -1/12*h**5 + 0*h + 7/6*h**b - 7/24*h**4 + 1/120*h**6 + 0 + 4*h**2. What is x(6)?
1
Let x(c) = c**2 + 2*c - 2. Let h(i) = -i**3 + 16*i**2 + 9*i - 14. Let y(p) = -h(p) + 5*x(p). Calculate y(11).
15
Let t = -676 - -693. Let h(c) = 15 + 6*c**2 - 5*c**2 - t*c - 3*c**2 + 3*c**2 + 3*c. Calculate h(13).
2
Let g be (-26)/143 - (72/(-33) + -3). Let s(v) = 0 - 6 - v + 3*v + g + 4*v. What is s(2)?
11
Let k(h) = 6*h - 3. Let j be ((-16)/21)/(-8) - 584/(-42). Suppose -j*i - 5*i = -19. Give k(i).
3
Suppose 6*g = 3*g + 564. Let j = 183 - g. Let b(m) = -2*m - 7. What is b(j)?
3
Let x(d) = 16*d**3 - 7*d**2 + 7*d + 7. Suppose 0 = 39*m - 19*m + 40. Let h(y) = 5*y**3 